[INFO] cloning repository https://github.com/georgerogers42/esso-rust
[INFO] running `Command { std: "git" "-c" "credential.helper=" "-c" "credential.helper=/workspace/cargo-home/bin/git-credential-null" "clone" "--bare" "https://github.com/georgerogers42/esso-rust" "/workspace/cache/git-repos/https%3A%2F%2Fgithub.com%2Fgeorgerogers42%2Fesso-rust", kill_on_drop: false }`
[INFO] [stderr] Cloning into bare repository '/workspace/cache/git-repos/https%3A%2F%2Fgithub.com%2Fgeorgerogers42%2Fesso-rust'...
[INFO] running `Command { std: "git" "rev-parse" "HEAD", kill_on_drop: false }`
[INFO] [stdout] 3e579d0b2226a623d067a8daf0f8c7cfae076c33
[INFO] checking georgerogers42/esso-rust against try#72f88fc4e9458f89516a0b8b0868f3718aec5b47 for pr-74989
[INFO] running `Command { std: "git" "clone" "/workspace/cache/git-repos/https%3A%2F%2Fgithub.com%2Fgeorgerogers42%2Fesso-rust" "/workspace/builds/worker-7/source", kill_on_drop: false }`
[INFO] [stderr] Cloning into '/workspace/builds/worker-7/source'...
[INFO] [stderr] done.
[INFO] validating manifest of git repo https://github.com/georgerogers42/esso-rust on toolchain 72f88fc4e9458f89516a0b8b0868f3718aec5b47
[INFO] running `Command { std: "/workspace/cargo-home/bin/cargo" "+72f88fc4e9458f89516a0b8b0868f3718aec5b47" "read-manifest" "--manifest-path" "Cargo.toml", kill_on_drop: false }`
[INFO] started tweaking git repo https://github.com/georgerogers42/esso-rust
[INFO] finished tweaking git repo https://github.com/georgerogers42/esso-rust
[INFO] tweaked toml for git repo https://github.com/georgerogers42/esso-rust written to /workspace/builds/worker-7/source/Cargo.toml
[INFO] crate git repo https://github.com/georgerogers42/esso-rust already has a lockfile, it will not be regenerated
[INFO] running `Command { std: "/workspace/cargo-home/bin/cargo" "+72f88fc4e9458f89516a0b8b0868f3718aec5b47" "fetch" "--locked" "--manifest-path" "Cargo.toml", kill_on_drop: false }`
[INFO] [stderr]     Blocking waiting for file lock on package cache
[INFO] [stderr] error: the lock file /workspace/builds/worker-7/source/Cargo.lock needs to be updated but --locked was passed to prevent this
[INFO] [stderr] If you want to try to generate the lock file without accessing the network, use the --offline flag.
[INFO] the lockfile is outdated, regenerating it
[INFO] running `Command { std: "/workspace/cargo-home/bin/cargo" "+72f88fc4e9458f89516a0b8b0868f3718aec5b47" "generate-lockfile" "--manifest-path" "Cargo.toml" "-Zno-index-update", kill_on_drop: false }`
[INFO] [stderr]     Blocking waiting for file lock on package cache
[INFO] running `Command { std: "/workspace/cargo-home/bin/cargo" "+72f88fc4e9458f89516a0b8b0868f3718aec5b47" "fetch" "--locked" "--manifest-path" "Cargo.toml", kill_on_drop: false }`
[INFO] [stderr]     Blocking waiting for file lock on package cache
[INFO] [stderr]     Blocking waiting for file lock on package cache
[INFO] running `Command { std: "docker" "create" "-v" "/var/lib/crater-agent-workspace/builds/worker-7/target:/opt/rustwide/target:rw,Z" "-v" "/var/lib/crater-agent-workspace/builds/worker-7/source:/opt/rustwide/workdir:ro,Z" "-v" "/var/lib/crater-agent-workspace/cargo-home:/opt/rustwide/cargo-home:ro,Z" "-v" "/var/lib/crater-agent-workspace/rustup-home:/opt/rustwide/rustup-home:ro,Z" "-e" "SOURCE_DIR=/opt/rustwide/workdir" "-e" "CARGO_TARGET_DIR=/opt/rustwide/target" "-e" "CARGO_HOME=/opt/rustwide/cargo-home" "-e" "RUSTUP_HOME=/opt/rustwide/rustup-home" "-w" "/opt/rustwide/workdir" "-m" "1610612736" "--user" "0:0" "--network" "none" "rustops/crates-build-env@sha256:d92eaeed33fa75130ca1ee6c8a01d1ffb62bac859dfdfb3450e3e5d1c0146529" "/opt/rustwide/cargo-home/bin/cargo" "+72f88fc4e9458f89516a0b8b0868f3718aec5b47" "metadata" "--no-deps" "--format-version=1", kill_on_drop: false }`
[INFO] [stdout] bb584e30ed98d83b1239175c4f25b4e4f9d5dfa7c94a5e18741b5d15754c799b
[INFO] [stderr] WARNING: Your kernel does not support swap limit capabilities or the cgroup is not mounted. Memory limited without swap.
[INFO] running `Command { std: "docker" "start" "-a" "bb584e30ed98d83b1239175c4f25b4e4f9d5dfa7c94a5e18741b5d15754c799b", kill_on_drop: false }`
[INFO] running `Command { std: "docker" "inspect" "bb584e30ed98d83b1239175c4f25b4e4f9d5dfa7c94a5e18741b5d15754c799b", kill_on_drop: false }`
[INFO] running `Command { std: "docker" "rm" "-f" "bb584e30ed98d83b1239175c4f25b4e4f9d5dfa7c94a5e18741b5d15754c799b", kill_on_drop: false }`
[INFO] [stdout] bb584e30ed98d83b1239175c4f25b4e4f9d5dfa7c94a5e18741b5d15754c799b
[INFO] running `Command { std: "docker" "create" "-v" "/var/lib/crater-agent-workspace/builds/worker-7/target:/opt/rustwide/target:rw,Z" "-v" "/var/lib/crater-agent-workspace/builds/worker-7/source:/opt/rustwide/workdir:ro,Z" "-v" "/var/lib/crater-agent-workspace/cargo-home:/opt/rustwide/cargo-home:ro,Z" "-v" "/var/lib/crater-agent-workspace/rustup-home:/opt/rustwide/rustup-home:ro,Z" "-e" "SOURCE_DIR=/opt/rustwide/workdir" "-e" "CARGO_TARGET_DIR=/opt/rustwide/target" "-e" "CARGO_INCREMENTAL=0" "-e" "RUST_BACKTRACE=full" "-e" "RUSTFLAGS=--cap-lints=forbid" "-e" "CARGO_HOME=/opt/rustwide/cargo-home" "-e" "RUSTUP_HOME=/opt/rustwide/rustup-home" "-w" "/opt/rustwide/workdir" "-m" "1610612736" "--user" "0:0" "--network" "none" "rustops/crates-build-env@sha256:d92eaeed33fa75130ca1ee6c8a01d1ffb62bac859dfdfb3450e3e5d1c0146529" "/opt/rustwide/cargo-home/bin/cargo" "+72f88fc4e9458f89516a0b8b0868f3718aec5b47" "check" "--frozen" "--all" "--all-targets" "--message-format=json", kill_on_drop: false }`
[INFO] [stdout] f0b11c55a210687430671dff5ec0a2faafe5e9c301c68862110fcf6c9530fee2
[INFO] [stderr] WARNING: Your kernel does not support swap limit capabilities or the cgroup is not mounted. Memory limited without swap.
[INFO] running `Command { std: "docker" "start" "-a" "f0b11c55a210687430671dff5ec0a2faafe5e9c301c68862110fcf6c9530fee2", kill_on_drop: false }`
[INFO] [stderr]    Compiling libc v0.2.77
[INFO] [stderr]    Compiling rand_core v0.4.2
[INFO] [stderr]    Compiling version_check v0.1.5
[INFO] [stderr]     Checking cfg-if v0.1.10
[INFO] [stderr]    Compiling httparse v1.3.4
[INFO] [stderr]    Compiling byteorder v1.3.4
[INFO] [stderr]     Checking traitobject v0.1.0
[INFO] [stderr]     Checking matches v0.1.8
[INFO] [stderr]     Checking safemem v0.3.3
[INFO] [stderr]     Checking percent-encoding v1.0.1
[INFO] [stderr]     Checking typeable v0.1.2
[INFO] [stderr]     Checking language-tags v0.2.2
[INFO] [stderr]     Checking modifier v0.1.0
[INFO] [stderr]    Compiling serde v1.0.116
[INFO] [stderr]    Compiling proc-macro2 v1.0.21
[INFO] [stderr]    Compiling ryu v1.0.5
[INFO] [stderr]    Compiling serde_json v1.0.57
[INFO] [stderr]    Compiling unicode-xid v0.2.1
[INFO] [stderr]     Checking itoa v0.4.6
[INFO] [stderr]    Compiling ucd-trie v0.1.3
[INFO] [stderr]    Compiling syn v1.0.41
[INFO] [stderr]    Compiling maplit v1.0.2
[INFO] [stderr]    Compiling memchr v2.3.3
[INFO] [stderr]     Checking same-file v1.0.6
[INFO] [stderr]     Checking remove_dir_all v0.5.3
[INFO] [stderr]     Checking sequence_trie v0.3.6
[INFO] [stderr]     Checking quick-error v2.0.0
[INFO] [stderr]     Checking route-recognizer v0.1.13
[INFO] [stderr]     Checking glob v0.3.0
[INFO] [stderr]     Checking unicode-normalization v0.1.13
[INFO] [stderr]    Compiling num-traits v0.2.12
[INFO] [stderr]    Compiling num-integer v0.1.43
[INFO] [stderr]    Compiling num-iter v0.1.41
[INFO] [stderr]    Compiling log v0.4.11
[INFO] [stderr]     Checking unicode-bidi v0.3.4
[INFO] [stderr]     Checking unsafe-any v0.4.2
[INFO] [stderr]    Compiling rand_core v0.3.1
[INFO] [stderr]    Compiling rand_jitter v0.1.4
[INFO] [stderr]    Compiling pest v2.1.3
[INFO] [stderr]     Checking walkdir v2.3.1
[INFO] [stderr]    Compiling rand_xorshift v0.1.1
[INFO] [stderr]    Compiling rand_hc v0.1.0
[INFO] [stderr]    Compiling rand_isaac v0.1.1
[INFO] [stderr]     Checking typemap v0.3.3
[INFO] [stderr]    Compiling unicase v1.4.2
[INFO] [stderr]    Compiling rand_chacha v0.1.1
[INFO] [stderr]    Compiling rand_pcg v0.1.2
[INFO] [stderr]     Checking plugin v0.2.6
[INFO] [stderr]     Checking log v0.3.9
[INFO] [stderr]     Checking twoway v0.1.8
[INFO] [stderr]     Checking mime v0.2.6
[INFO] [stderr]    Compiling phf_shared v0.7.24
[INFO] [stderr]    Compiling phf v0.7.24
[INFO] [stderr]    Compiling quote v1.0.7
[INFO] [stderr]     Checking base64 v0.9.3
[INFO] [stderr]     Checking idna v0.1.5
[INFO] [stderr]     Checking time v0.1.44
[INFO] [stderr]     Checking num_cpus v1.13.0
[INFO] [stderr]     Checking rand v0.4.6
[INFO] [stderr]     Checking memchr v1.0.2
[INFO] [stderr]    Compiling rand_os v0.1.3
[INFO] [stderr]     Checking buf_redux v0.6.3
[INFO] [stderr]    Compiling rand v0.6.5
[INFO] [stderr]    Compiling pest_meta v2.1.3
[INFO] [stderr]     Checking url v1.7.2
[INFO] [stderr]     Checking num-complex v0.1.43
[INFO] [stderr]     Checking rand v0.3.23
[INFO] [stderr]     Checking tempdir v0.3.7
[INFO] [stderr]     Checking num-bigint v0.1.44
[INFO] [stderr]     Checking hyper v0.10.16
[INFO] [stderr]    Compiling phf_generator v0.7.24
[INFO] [stderr]    Compiling phf_codegen v0.7.24
[INFO] [stderr]    Compiling mime_guess v1.8.8
[INFO] [stderr]     Checking num-rational v0.1.42
[INFO] [stderr]     Checking num v0.1.42
[INFO] [stderr]    Compiling pest_generator v2.1.3
[INFO] [stderr]     Checking multipart v0.13.6
[INFO] [stderr]     Checking iron v0.6.1
[INFO] [stderr]     Checking persistent v0.4.0
[INFO] [stderr]     Checking mount v0.4.0
[INFO] [stderr]     Checking router v0.6.0
[INFO] [stderr]     Checking staticfile v0.5.0
[INFO] [stderr]    Compiling pest_derive v2.1.0
[INFO] [stderr]     Checking bodyparser v0.8.0
[INFO] [stderr]     Checking handlebars v3.4.0
[INFO] [stderr]     Checking urlencoded v0.6.0
[INFO] [stderr]     Checking params v0.8.0
[INFO] [stderr]     Checking handlebars-iron v0.29.0
[INFO] [stderr]     Checking esso-rust v0.1.0 (/opt/rustwide/workdir)
[INFO] [stdout] warning: use of deprecated macro `try`: use the `?` operator instead
[INFO] [stdout]   --> src/articles/mod.rs:44:16
[INFO] [stdout]    |
[INFO] [stdout] 44 |     let file = try!(File::open(fname));
[INFO] [stdout]    |                ^^^
[INFO] [stdout]    |
[INFO] [stdout]    = note: `#[warn(deprecated)]` on by default
[INFO] [stdout] 
[INFO] [stdout] 
[INFO] [stdout] warning: use of deprecated macro `try`: use the `?` operator instead
[INFO] [stdout]   --> src/articles/mod.rs:49:9
[INFO] [stdout]    |
[INFO] [stdout] 49 |         try!(rdr.read_line(&mut line));
[INFO] [stdout]    |         ^^^
[INFO] [stdout] 
[INFO] [stdout] 
[INFO] [stdout] warning: use of deprecated macro `try`: use the `?` operator instead
[INFO] [stdout]   --> src/articles/mod.rs:55:16
[INFO] [stdout]    |
[INFO] [stdout] 55 |     let meta = try! {
[INFO] [stdout]    |                ^^^
[INFO] [stdout] 
[INFO] [stdout] 
[INFO] [stdout] warning: use of deprecated macro `try`: use the `?` operator instead
[INFO] [stdout]   --> src/articles/mod.rs:62:5
[INFO] [stdout]    |
[INFO] [stdout] 62 |     try!(rdr.read_to_string(&mut contents));
[INFO] [stdout]    |     ^^^
[INFO] [stdout] 
[INFO] [stdout] 
[INFO] [stdout] warning: use of deprecated macro `try`: use the `?` operator instead
[INFO] [stdout]   --> src/articles/mod.rs:44:16
[INFO] [stdout]    |
[INFO] [stdout] 44 |     let file = try!(File::open(fname));
[INFO] [stdout]    |                ^^^
[INFO] [stdout]    |
[INFO] [stdout]    = note: `#[warn(deprecated)]` on by default
[INFO] [stdout] 
[INFO] [stdout] 
[INFO] [stdout] warning: use of deprecated macro `try`: use the `?` operator instead
[INFO] [stdout]   --> src/articles/mod.rs:49:9
[INFO] [stdout]    |
[INFO] [stdout] 49 |         try!(rdr.read_line(&mut line));
[INFO] [stdout]    |         ^^^
[INFO] [stdout] 
[INFO] [stdout] 
[INFO] [stdout] warning: use of deprecated macro `try`: use the `?` operator instead
[INFO] [stdout]   --> src/articles/mod.rs:55:16
[INFO] [stdout]    |
[INFO] [stdout] 55 |     let meta = try! {
[INFO] [stdout]    |                ^^^
[INFO] [stdout] 
[INFO] [stdout] 
[INFO] [stdout] warning: use of deprecated macro `try`: use the `?` operator instead
[INFO] [stdout]   --> src/articles/mod.rs:62:5
[INFO] [stdout]    |
[INFO] [stdout] 62 |     try!(rdr.read_to_string(&mut contents));
[INFO] [stdout]    |     ^^^
[INFO] [stdout] 
[INFO] [stdout] 
[INFO] [stdout] error[E0277]: the trait bound `rustc_serialize::json::Json: serde::ser::Serialize` is not satisfied
[INFO] [stdout]   --> src/handlers/mod.rs:19:80
[INFO] [stdout]    |
[INFO] [stdout] 19 |     let resp = Response::with((iron::status::Ok, hbs::Template::new("article", data)));
[INFO] [stdout]    |                                                                                ^^^^ the trait `serde::ser::Serialize` is not implemented for `rustc_serialize::json::Json`
[INFO] [stdout]    | 
[INFO] [stdout]   ::: /opt/rustwide/cargo-home/registry/src/github.com-1ecc6299db9ec823/handlebars-iron-0.29.0/src/middleware.rs:25:19
[INFO] [stdout]    |
[INFO] [stdout] 25 |     pub fn new<T: ToJson>(name: &str, value: T) -> Template {
[INFO] [stdout]    |                   ------ required by this bound in `hbs::Template::new`
[INFO] [stdout]    |
[INFO] [stdout]    = note: required because of the requirements on the impl of `serde::ser::Serialize` for `HashMap<std::string::String, rustc_serialize::json::Json>`
[INFO] [stdout] 
[INFO] [stdout] 
[INFO] [stdout] error[E0277]: the trait bound `rustc_serialize::json::Json: serde::ser::Serialize` is not satisfied
[INFO] [stdout]   --> src/handlers/mod.rs:26:81
[INFO] [stdout]    |
[INFO] [stdout] 26 |     let resp = Response::with((iron::status::Ok, hbs::Template::new("articles", data)));
[INFO] [stdout]    |                                                                                 ^^^^ the trait `serde::ser::Serialize` is not implemented for `rustc_serialize::json::Json`
[INFO] [stdout]    | 
[INFO] [stdout]   ::: /opt/rustwide/cargo-home/registry/src/github.com-1ecc6299db9ec823/handlebars-iron-0.29.0/src/middleware.rs:25:19
[INFO] [stdout]    |
[INFO] [stdout] 25 |     pub fn new<T: ToJson>(name: &str, value: T) -> Template {
[INFO] [stdout]    |                   ------ required by this bound in `hbs::Template::new`
[INFO] [stdout]    |
[INFO] [stdout]    = note: required because of the requirements on the impl of `serde::ser::Serialize` for `HashMap<std::string::String, rustc_serialize::json::Json>`
[INFO] [stdout] 
[INFO] [stdout] 
[INFO] [stdout] error[E0061]: this function takes 3 arguments but 2 arguments were supplied
[INFO] [stdout]   --> src/handlers/mod.rs:39:16
[INFO] [stdout]    |
[INFO] [stdout] 39 |           routes.get("/article/:slug", move |req: &mut Request| {
[INFO] [stdout]    |  ________________^^^_----------------__-
[INFO] [stdout]    | |                |
[INFO] [stdout]    | |                expected 3 arguments
[INFO] [stdout] 40 | |             article_h(req, &avec, &amap)
[INFO] [stdout] 41 | |         });
[INFO] [stdout]    | |_________- supplied 2 arguments
[INFO] [stdout] 
[INFO] [stdout] 
[INFO] [stdout] error[E0061]: this function takes 3 arguments but 2 arguments were supplied
[INFO] [stdout]   --> src/handlers/mod.rs:45:16
[INFO] [stdout]    |
[INFO] [stdout] 45 |           routes.get("/", move |req: &mut Request| {
[INFO] [stdout]    |  ________________^^^_---__-
[INFO] [stdout]    | |                |
[INFO] [stdout]    | |                expected 3 arguments
[INFO] [stdout] 46 | |             articles_h(req, &avec)
[INFO] [stdout] 47 | |         });
[INFO] [stdout]    | |_________- supplied 2 arguments
[INFO] [stdout] 
[INFO] [stdout] 
[INFO] [stdout] error[E0599]: no function or associated item named `new2` found for struct `HandlebarsEngine` in the current scope
[INFO] [stdout]   --> src/handlers/mod.rs:50:41
[INFO] [stdout]    |
[INFO] [stdout] 50 |     let mut hb = hbs::HandlebarsEngine::new2();
[INFO] [stdout]    |                                         ^^^^
[INFO] [stdout]    |                                         |
[INFO] [stdout]    |                                         function or associated item not found in `HandlebarsEngine`
[INFO] [stdout]    |                                         help: there is an associated function with a similar name: `new`
[INFO] [stdout] 
[INFO] [stdout] 
[INFO] [stdout] error: aborting due to 5 previous errors; 4 warnings emitted
[INFO] [stdout] 
[INFO] [stdout] 
[INFO] [stdout] error[E0277]: the trait bound `rustc_serialize::json::Json: serde::ser::Serialize` is not satisfied
[INFO] [stdout]   --> src/handlers/mod.rs:19:80
[INFO] [stdout]    |
[INFO] [stdout] 19 |     let resp = Response::with((iron::status::Ok, hbs::Template::new("article", data)));
[INFO] [stdout]    |                                                                                ^^^^ the trait `serde::ser::Serialize` is not implemented for `rustc_serialize::json::Json`
[INFO] [stdout]    | 
[INFO] [stdout]   ::: /opt/rustwide/cargo-home/registry/src/github.com-1ecc6299db9ec823/handlebars-iron-0.29.0/src/middleware.rs:25:19
[INFO] [stdout]    |
[INFO] [stdout] 25 |     pub fn new<T: ToJson>(name: &str, value: T) -> Template {
[INFO] [stdout]    |                   ------ required by this bound in `hbs::Template::new`
[INFO] [stdout]    |
[INFO] [stdout]    = note: required because of the requirements on the impl of `serde::ser::Serialize` for `HashMap<std::string::String, rustc_serialize::json::Json>`
[INFO] [stdout] 
[INFO] [stdout] 
[INFO] [stdout] error[E0277]: the trait bound `rustc_serialize::json::Json: serde::ser::Serialize` is not satisfied
[INFO] [stdout]   --> src/handlers/mod.rs:26:81
[INFO] [stdout]    |
[INFO] [stdout] 26 |     let resp = Response::with((iron::status::Ok, hbs::Template::new("articles", data)));
[INFO] [stdout]    |                                                                                 ^^^^ the trait `serde::ser::Serialize` is not implemented for `rustc_serialize::json::Json`
[INFO] [stdout]    | 
[INFO] [stdout]   ::: /opt/rustwide/cargo-home/registry/src/github.com-1ecc6299db9ec823/handlebars-iron-0.29.0/src/middleware.rs:25:19
[INFO] [stdout]    |
[INFO] [stdout] 25 |     pub fn new<T: ToJson>(name: &str, value: T) -> Template {
[INFO] [stdout]    |                   ------ required by this bound in `hbs::Template::new`
[INFO] [stdout]    |
[INFO] [stdout]    = note: required because of the requirements on the impl of `serde::ser::Serialize` for `HashMap<std::string::String, rustc_serialize::json::Json>`
[INFO] [stdout] 
[INFO] [stdout] 
[INFO] [stdout] Some errors have detailed explanations: E0061, E0277, E0599.
[INFO] [stdout] 
[INFO] [stdout] For more information about an error, try `rustc --explain E0061`.
[INFO] [stdout] 
[INFO] [stdout] error[E0061]: this function takes 3 arguments but 2 arguments were supplied
[INFO] [stdout]   --> src/handlers/mod.rs:39:16
[INFO] [stdout]    |
[INFO] [stdout] 39 |           routes.get("/article/:slug", move |req: &mut Request| {
[INFO] [stdout]    |  ________________^^^_----------------__-
[INFO] [stdout]    | |                |
[INFO] [stdout]    | |                expected 3 arguments
[INFO] [stdout] 40 | |             article_h(req, &avec, &amap)
[INFO] [stdout] 41 | |         });
[INFO] [stdout]    | |_________- supplied 2 arguments
[INFO] [stdout] 
[INFO] [stdout] 
[INFO] [stdout] error[E0061]: this function takes 3 arguments but 2 arguments were supplied
[INFO] [stdout]   --> src/handlers/mod.rs:45:16
[INFO] [stdout]    |
[INFO] [stdout] 45 |           routes.get("/", move |req: &mut Request| {
[INFO] [stdout]    |  ________________^^^_---__-
[INFO] [stdout]    | |                |
[INFO] [stdout]    | |                expected 3 arguments
[INFO] [stdout] 46 | |             articles_h(req, &avec)
[INFO] [stdout] 47 | |         });
[INFO] [stdout]    | |_________- supplied 2 arguments
[INFO] [stdout] 
[INFO] [stdout] 
[INFO] [stdout] error[E0599]: no function or associated item named `new2` found for struct `HandlebarsEngine` in the current scope
[INFO] [stdout]   --> src/handlers/mod.rs:50:41
[INFO] [stdout]    |
[INFO] [stdout] 50 |     let mut hb = hbs::HandlebarsEngine::new2();
[INFO] [stdout]    |                                         ^^^^
[INFO] [stdout]    |                                         |
[INFO] [stdout]    |                                         function or associated item not found in `HandlebarsEngine`
[INFO] [stdout]    |                                         help: there is an associated function with a similar name: `new`
[INFO] [stdout] 
[INFO] [stdout] 
[INFO] [stderr] error: could not compile `esso-rust`.
[INFO] [stderr] 
[INFO] [stderr] To learn more, run the command again with --verbose.
[INFO] [stderr] warning: build failed, waiting for other jobs to finish...
[INFO] [stdout] error: aborting due to 5 previous errors; 4 warnings emitted
[INFO] [stdout] 
[INFO] [stdout] 
[INFO] [stdout] Some errors have detailed explanations: E0061, E0277, E0599.
[INFO] [stdout] 
[INFO] [stdout] For more information about an error, try `rustc --explain E0061`.
[INFO] [stdout] 
[INFO] [stderr] error: build failed
[INFO] running `Command { std: "docker" "inspect" "f0b11c55a210687430671dff5ec0a2faafe5e9c301c68862110fcf6c9530fee2", kill_on_drop: false }`
[INFO] running `Command { std: "docker" "rm" "-f" "f0b11c55a210687430671dff5ec0a2faafe5e9c301c68862110fcf6c9530fee2", kill_on_drop: false }`
[INFO] [stdout] f0b11c55a210687430671dff5ec0a2faafe5e9c301c68862110fcf6c9530fee2
